 - 37, -4*z + 4*l = -h. Is z a multiple of 9?
True
Suppose -62 = -v + 31. Does 25 divide v?
False
Let f = -15 + 11. Does 2 divide ((-12)/16)/(1/f)?
False
Suppose 0*r + 2*r + 24 = 0. Let j be (1 + -7)*30/(-9). Let h = j + r. Does 3 divide h?
False
Let h(w) = w**3 - 4*w**2 + 4*w. Let o be h(3). Suppose 0*v - o*v = -42. Let p = v - 3. Does 9 divide p?
False
Suppose 3*h + s - 59 = 0, -97 = -h - 4*h - 3*s. Is 10 a factor of h?
True
Let q(c) = -6 - 2 + 4 - 2 + c**2 - 4*c. Is 5 a factor of q(7)?
True
Let t(b) = 20*b + 2. Is 14 a factor of t(2)?
True
Does 8 divide (3/6)/(-3 - (-98)/32)?
True
Suppose 88 = 2*i + 4*w - 68, 2*w - 2 = 0. Is 19 a factor of i?
True
Suppose 214 = 3*h + g, 209 = h + 2*h - 4*g. Let q = h + -40. Let a = -4 + q. Does 14 divide a?
False
Let i(n) = 3*n + 5 - 2*n + 0. Let s = -38 + 38. Does 3 divide i(s)?
False
Let k(r) = -r**2 - 4*r - 6. Let p be k(-2). Let v(j) be the third derivative of j**6/120 + j**5/20 + j**4/24 + j**3/6 - j**2. Is v(p) even?
False
Let u = 115 + -46. Is u a multiple of 23?
True
Let o be 5/(-10)*24/1. Is -2*-2*(-171)/o a multiple of 19?
True
Suppose 6*d - 455 = -7*d. Is d a multiple of 5?
True
Suppose -12*k + 225 = -9*k. Is k a multiple of 20?
False
Let n = 10 + -5. Suppose n = -5*f + 75. Is 7 a factor of f?
True
Let f(q) = -2*q + 1. Let t be f(-2). Suppose -39 = 5*p - t*a + 66, 5*p - 4*a = -110. Is 8 a factor of -2*(-2 + p/4)?
False
Suppose 540 - 140 = 5*z - c, 0 = 5*c. Suppose z = -2*x + 3*x. Does 19 divide x?
False
Is 5/(-3)*(6 + -4 + -35) a multiple of 4?
False
Is 3/4 + 228/16 a multiple of 15?
True
Suppose 44 = 10*h - 236. Does 11 divide h?
False
Let m(c) be the third derivative of -c**5/60 + 7*c**4/24 - 5*c**3/6 + c**2. Let b be 2/(1*(-3)/(-6)). Is 6 a factor of m(b)?
False
Let q be 1 - -7 - 5/(-5). Let p be 178/q - 6/(-27). Is (16/10)/(p/350) a multiple of 14?
True
Let o(r) = -r**2 - 7*r + 2. Let s be o(-7). Let y = 22 + s. Is y a multiple of 6?
True
Let w be (145/(-10))/((-2)/4). Suppose 3*f + 5 - w = 0. Suppose -f*q + 40 = -3*q. Is q a multiple of 8?
True
Suppose 10 = -5*w, 2*i + 3*i - 392 = -4*w. Does 16 divide i?
True
Let l be ((-6)/(-4))/(2/8). Let u(q) = q**3 + 6*q**2 - 2*q + 1. Let k(x) = 3*x**3 + 12*x**2 - 4*x + 3. Let m(d) = 2*k(d) - 5*u(d). Is 8 a factor of m(l)?
False
Suppose 21*j - 18*j = 6. Suppose -j*k + 25 = -k. Is 25 a factor of k?
True
Is 23 a factor of (12 - -1)/(4/20)?
False
Let q = 62 + -17. Is 23 a factor of q?
False
Suppose 2*o - 1566 = -7*o. Is o a multiple of 37?
False
Let j(x) = 4*x**3 + x - 1. Let h be j(1). Suppose -5*v - h*w + 108 = -v, 4*w = -3*v + 84. Does 8 divide v?
True
Suppose 2*c + 2*y = 8, -4 = -3*c + y + 8. Is (-31)/(2 - (-1 + c)) a multiple of 14?
False
Let o(y) = 5*y - 8. Let q be o(9). Suppose g - 3 = q. Suppose -3*w = -5*j - 23, -4*w + 3*j - j = -g. Is 11 a factor of w?
True
Suppose 34 = 3*v + 13*t - 17*t, 3*v - 29 = -t. Is 4 a factor of v?
False
Suppose 0*l = -2*l - 2*o + 68, 150 = 5*l - 5*o. Is 16 a factor of l?
True
Let j(d) = d**2 - 5*d - 5. Is j(-8) a multiple of 30?
False
Suppose -5*c + 41 = 1. Suppose -c = n - 2*n. Is 4 a factor of n?
True
Let k(v) = -4*v**2 + 5*v**3 + v + 3 - v**3 - 5*v**3. Let p be k(-4). Does 7 divide 14 + p + -1 + 2?
True
Suppose 0 = -3*g + 2*g + 1, -4*g - 35 = 3*d. Let j = 21 + d. Is 8 a factor of j?
True
Let p be 72/16*4/(-6). Let c(f) = 4*f**2 + f + 4. Does 14 divide c(p)?
False
Let u(m) = -m**3 - 4*m + 2. Let p be u(3). Let n = p + 22. Let g = n + 34. Does 19 divide g?
True
Let j(w) be the first derivative of w**4/4 + 7*w**3/3 + 7*w**2/2 + 6*w - 2. Let t be j(-6). Let k = t - -22. Is 10 a factor of k?
False
Let o(m) = 19*m**3 + m. Let w = -23 - -16. Let a = w + 8. Is o(a) a multiple of 7?
False
Let m = 25 - -47. Does 24 divide m?
True
Let b(v) = 23*v + 3. Let d be b(-6). Is 3 a factor of (5/(-3))/(15/d)?
True
Let h(w) = -3*w + 2*w**2 + 0*w**2 + 10*w + 9. Let t be h(-6). Suppose 2*i = t + 29. Does 14 divide i?
False
Is 22 a factor of (-4 + 10)/(-3) - (-1 - 177)?
True
Suppose -195 = 2*f + 45. Suppose -3*y = 5*t + 95 + 177, 96 = -y - 3*t. Let z = y - f. Is 18 a factor of z?
True
Let v(f) = -10*f + 60. Is v(-14) a multiple of 13?
False
Let j be (-3)/(-3) - (3 - 1). Is 7 a factor of 17/(2 + 0 + j)?
False
Let w be 1*(6 + (1 - -1)). Let q be -80*(-2 + w/5). Let x = -23 + q. Is 8 a factor of x?
False
Let l(j) = 13*j + 11. Suppose -t - 4 = g + 1, -g + 2 = 0. Let z(q) = -7*q - 6. Let m(h) = t*z(h) - 4*l(h). Does 12 divide m(-5)?
False
Suppose -6 = 3*m, -2*d + 5*m = -131 - 29. Does 5 divide d?
True
Suppose 4*i = -i. Suppose o - 2*z + 5 = i, -3*z = -0 - 15. Let u(w) = w**2 - w - 4. Is u(o) a multiple of 16?
True
Let c be 2 + 3 + -5 + -12. Is 7 a factor of (-6)/c + 13/2?
True
Let p(l) be the third derivative of l**5/60 + 7*l**4/24 + 4*l**3/3 + 3*l**2. Let d be p(-6). Does 6 divide ((13 - d) + 3)*1?
False
Let s be 18/4*(-4)/(-6). Does 4 divide (-6)/s - -1 - -13?
True
Suppose 3*r - 99 - 33 = 0. Does 4 divide r?
True
Let f(v) = -v**3 - 3*v**2 + 7*v + 9. Is f(-6) a multiple of 15?
True
Is 30/(((-135)/40)/(-9)) a multiple of 5?
True
Suppose 4*l - 74 = -2*i, -i + 0*i + 45 = 4*l. Is 9 a factor of i?
False
Let o = 734 - 412. Does 55 divide o?
False
Let y = 100 - 52. Does 24 divide y?
True
Let a(n) = 2*n**2 - 2*n - 3. Let c be 8/(-12)*-1*6. Is a(c) a multiple of 21?
True
Suppose -5*g - 561 = -3*o, 5*o - 173 = 4*o - 3*g. Is 8 a factor of o?
False
Suppose -4*j + 15 = -57. Is 18 a factor of j?
True
Let b = -8 - -46. Suppose 3*u - 19 = -3*k + b, 48 = 2*u - 3*k. Does 7 divide u?
True
Is (-768)/72*114/(-8) a multiple of 38?
True
Let f(d) = -8*d + 1. Let g(m) = m**2 + 7*m - 2. Let r be g(-7). Let o be f(r). Suppose 2*q = t - 4, 6*t - o = 4*t + q. Is 10 a factor of t?
True
Does 4 divide 6/3 - 7 - -69?
True
Suppose 0 = -4*x - g + 1418, -4*x + 5*g = 990 - 2420. Does 17 divide x?
False
Let t(d) = 2*d - 4. Let m be t(5). Let n = m + -16. Let r = n + 18. Is r a multiple of 8?
True
Let q = -15 + 17. Suppose 2 = q*n - 20. Is 5 a factor of n?
False
Let b(v) = v**3 + 10*v**2 - 11*v + 2. Let h be b(-11). Does 10 divide 1/h - (-118)/4?
True
Suppose 3*g - 4*g = 0. Is 11 a factor of -2 - g - (-48 + 14)?
False
Suppose -2*t + 2 = 20. Is (t/6)/(-3)*18 a multiple of 9?
True
Let v be (0 - -2)*(-2)/(-4). Does 20 divide v + 0 - (-22)/1?
False
Let y = 23 + -10. Let b = -9 + y. Suppose 2*t + b*z - 58 = -z, t - 15 = z. Is 19 a factor of t?
True
Let z(i) = -i**2 + i - 2. Let k be z(2). Is (-86)/k - (-3)/(-2) a multiple of 18?
False
Let g(w) = w**3 - 8*w**2 + 3*w - 6. Let m be 1*((-27)/(-3) + -1). Let t be g(m). Suppose -4*r + 42 = -t. Is r a multiple of 11?
False
Let d(k) = 10*k**3 + k + 1. Let u be d(-1). Let z be 0 - 3/(6/u). Suppose 0 = -z*p + t + 74, 31 = 4*p + t - 21. Does 7 divide p?
True
Let w(h) = 8*h**2 + 5*h + 8. Let u(c) = 8*c**2 + 6*c + 9. Let s(a) = -5*u(a) + 6*w(a). Does 13 divide s(3)?
False
Suppose 2*t = -4, -n - 2*t = t - 74. Suppose 3*a = -p + 39, -2*p + a + n = 6*a. Does 15 divide p?
True
Suppose -105*v - 828 = -108*v. Is 23 a factor of v?
True
Suppose 4*l - 40 + 360 = 0. Suppose -o - 28 = -5*f, 2*f + 152 = -3*o - 0*o. Let b = o - l. Is b a multiple of 16?
True
Let h(s) = 0 + 5*s + 6*s**2 + s**3 + 2 - 4*s. Suppose 7 = -3*y - 8. Does 7 divide h(y)?
False
Suppose 5*m - 22 = -2*d, m + 0*m - 4 = 0. Suppose 2*o = d + 29. Is o a multiple of 6?
False
Suppose -3*c - 121 = -4*n, -5*n + 3 = -2*c - 143. Is 4 a factor of n?
True
Let l(o) = -o**3 - 5*o**2 - 2*o - 9. Does 13 divide l(-6)?
True
Let p(v) = -2*v. Let o be p(-8). Suppose 0 = -3*q + 4*y + o, 0*y = q + 2*y - 12. Does 3 divide q?
False
Suppose -m + 3*h = -37, -5*m - h + 215 = -6*h. Is m a multiple of 13?
False
Let l(h) = h**3 + 7*h**2 + 2. Let k be l(-7). Is 8 a factor of (k + -1)/((-1)/(-10))?
False
Let h(c) = 2*c**3 - 26*c**2 + 3*c - 13. Is 13 a factor of h(13)?
True
Let o = 3 + 15. Let q = o + -13. Suppose 2*m + 58 = q*f + 6*m, -2*m + 44 = 4*f. Is 10 a factor of f?
True
Suppose -1 = 3*v - 25. Is v a multiple of 4?
True
Let w = -7 - -11. Let s = w + -4. Let p = s + 19. Is p a multiple of 19?
True
Suppose -3*h = 2*q - 112, -2*h + q = -2*q - 66. Is 12 a factor of h?
True
Let o = -183 - -259. Is 19 a factor of o?
True
Is -125*(-4 - 36/(-30)) a multiple of 25?
True
Let i(v) = 7*v + 40. Is i(9) a multiple of 7?
False
S